(-32 - -35) + -1 + 3)?
1
What is the value of -5 + 0 - (3 - 4) - -1?
-3
What is 2 - -2 - 9 - -4?
-1
What is (0 - 1) + -1 + 4 + -1?
1
Calculate (9 - (9 + -6)) + (2 - 16).
-8
What is 3 + (-1 - -1 - 2) + 4?
5
Calculate (1 + -1 - (9 - 11)) + -5.
-3
What is the value of 2 + (1 - (-2 + 3)) + -7?
-5
-6 + 8 - 2 - (1 + 5)
-6
Evaluate 0 + -7 - (20 - 24).
-3
12 + -7 + 7 + (4 - 8)
8
Calculate (-6 + 21 - 29) + 3.
-11
2 - (3 - (-3 + 2 + 1))
-1
Calculate 2 + -8 - (-11 - (-9 + 5)).
1
5 - 6 - 3 - (3 - 2)
-5
What is the value of -16 + 7 + 2 - -8?
1
-5 - (1 - 4 - 1)
-1
What is 1 - (-6 + (3 - -8))?
-4
Calculate -14 + 15 + 3 + (-1 - 1).
2
-4 + 4 + -8 - -5
-3
What is the value of 5 + -4 + 10 + -20?
-9
(-16 - (0 - 7)) + (2 - -3)
-4
Evaluate -10 - (8 - 11 - 1).
-6
Evaluate 0 + 0 + 3 + (2 - 4).
1
What is (-1 - 5 - -7) + (0 - 5)?
-4
What is 2 + 6 - 3 - (-1 + 0)?
6
-5 + -4 - (-3 - 1)
-5
What is the value of -6 + 10 + 2 + (-3 - 0)?
3
What is the value of (-7 - (3 - 6)) + -9 + 15?
2
Calculate (13 - (-4 + 2)) + -13.
2
What is (-2 + 6 - 1) + -4?
-1
Evaluate 6 - 5 - (1 + (4 - 2)).
-2
What is -4 + 3 + (-2 - 0)?
-3
What is 2 + (2 - 0) - (-1 - 0)?
5
What is the value of -5 + (8 - 5 - -1)?
-1
Calculate 4 + -4 + 2 + -1.
1
Evaluate 3 + 2 + -1 + -3 + 3.
4
Calculate 0 - (3 - (4 - 0)).
1
What is 2 - (-7 + -6) - (1 - -5)?
9
Calculate 3 + -9 - 2 - -2.
-6
Calculate -29 + 27 + 1 + (2 - 4).
-3
-3 + -1 + 1 + 6
3
Evaluate 2 + -13 + 2 + 6.
-3
What is the value of 7 + (7 - 14 - -14) + -23?
-9
Evaluate -2 - (1 + 4 + -8 + -2).
3
(3 + -8 - (-1 + -1)) + 0
-3
0 + 0 + (3 - 3) + 3
3
-2 + (0 - 2) + 1 + 4
1
Calculate 3 + -4 - -9 - (-3 - -9).
2
What is the value of 1 + -2 + 1 + (2 - -2)?
4
Calculate 2 + -11 - (5 + -16).
2
Calculate 2 + 5 + -4 + 9 - 7.
5
Calculate 34 + -40 + -1 + (2 - 0).
-5
-2 - (7 - (-8 - -10))
-7
Calculate (-6 - (5 - -1)) + 7 - 3.
-8
(-3 - (1 + -3) - 2) + 0
-3
What is -5 + (-1 + -4 - -6)?
-4
Calculate -4 - (5 + 7 + -11).
-5
What is the value of 1 - (1 + -2 + -3 + 7)?
-2
Calculate -8 - ((-8 - -9) + -4).
-5
What is the value of -5 + -1 - -4 - -3?
1
4 - (-1 - (-17 - -9))
-3
What is (3 - (2 + 5)) + (-5 - -4)?
-5
What is the value of 23 + -18 + 12 - (8 + -1)?
10
Calculate -1 - (0 + (0 - -3) + -5).
1
1 + (-7 - (-2 + 0)) + 3
-1
What is 2 - (2 + -1 + 5 + -5)?
1
What is -6 - (-6 - -3 - (-17 + 17))?
-3
(-23 - -14 - -9) + (1 - 0)
1
What is (-3 + 1 - -2) + 2 + 2?
4
What is 16 + (9 - 1) + (-4 - 12)?
8
Calculate (2 - (6 + -3)) + -1 + 0.
-2
Calculate 6 - -1 - (-22 - -25).
4
Evaluate -3 - -11 - 5 - 1.
2
Evaluate -2 - (0 + -3 - -3).
-2
Evaluate 2 - -1 - (10 - 31 - -15).
9
What is the value of 0 + -2 - (-23 - -21)?
0
4 - (-1 + 3) - 3 - -2
1
Evaluate (-11 - (-4 - (-7 + 9))) + -5.
-10
What is (4 + -8 - (3 + -5)) + -2?
-4
Calculate -7 + (-2 - (-7 - 0)).
-2
4 + -8 - (-12 - -6 - -9)
-7
What is the value of 0 + 1 + -1 - (2 - -1)?
-3
Evaluate (7 - -1) + (41 - 47).
2
What is the value of 1 + 0 - (-2 + 3 + 1)?
-1
Evaluate -3 + 11 - 4 - (3 + 9).
-8
-6 - (-6 - -1 - (-1 - 2))
-4
What is -3 + (6 - (3 - -2)) + 1?
-1
What is the value of (4 - 7) + 18 + -9?
6
What is the value of 1 + 1 - 10 - -2?
-6
Calculate -2 + 3 - (-3 + (5 - 6)).
5
Evaluate 8 + -10 - (4 + 0).
-6
What is the value of (13 - 12) + 0 + 1?
2
What is 4 + (7 - 12) + 7?
6
Calculate (-16 - -13) + 1 + 0.
-2
Evaluate -3 - ((-1 - 3) + 4).
-3
What is 9 + -4 + 0 + -1?
4
Calculate -2 + 9 + 1 + -7.
1
What is the value of (14 - 5) + (-4 - 0)?
5
What is (-6 - -3) + 2 - (-7 - -6)?
0
What is the value of -68 + 69 + (-1 - (-8 + 3))?
5
Calculate 1 + 1 - (43 + -46) - -1.
6
7 + -10 + (-2 - -3)
-2
Evaluate -1 + (0 + -5 - -6).
0
What is the value of -10 + 16 + -9 + 2?
-1
What is 0 + -3 - (1 + (-17 - -9))?
4
What is 27 + -39 - (0 - 6)?
-6
2 + -2 + -13 + 17
4
What is -2 - (-1 - -2 - (1 - -3))?
1
What is (-2 + 1 - -2) + (7 - 8)?
0
Calculate 0 - (-7 - (6 - 3) - -3).
7
What is the value of -2 + 3 + (-3 - (-4 - 1))?
3
What is -1 + (3 - -2 - 11) + 6?
-1
Evaluate 0 + (0 - (-8 + 3)).
5
Evaluate -2 + -5 + (6 - 2).
-3
Calculate 7 - (12 - (5 + 0)).
0
What is 0 - (5 + -3 + 4 + -4)?
-2
-1 - 2 - (-7 + 4 + -4)
4
What is the value of 55 + -54 + 0 + -3?
-2
Calculate (0 - -5) + -4 + -2.
-1
What is the value of 4 + (3 - 6 - 3) + 6?
4
Evaluate 2 - (-4 - (1 + -1)).
6
What is the value of -5 + 1 + 3 - -3?
2
What is (4 - 11) + 13 + 0?
6
Evaluate (0 - 4) + -33 + 39.
2
What is 6 - (-11 + (15 - 2))?
4
Calculate 4 + -1 + -6 + 7.
4
What is (5 - 2) + 1 + 0 + -6?
-2
-102 - -98 - (1 + -2 + -1)
-2
What is 6 + 3 + (-2 - 2)?
5
What is the value of 10 - -5 - 5 - 5?
5
Evaluate (-3 - -6) + (-9 + 12 - 9).
-3
Calculate 0 + 5 - (-6 - -13).
-2
What is 2 + 2 - (-21 + 21)?
4
-5 + 13 + -2 + 1
7
What is the value of 1 + (-7 - -9) - 9?
-6
What is the value of 3 + (-3 - (-2 - -2))?
0
Calculate 3 - (-1 - -2 - -1).
1
What is the value of 0 - (3 + -6 - 3)?
6
Evaluate 3 + -1 + (-2 - -4 - 2).
2
What is (6 - 2) + 73 + -85?
-8
12 - (14 + -6) - (-1 - -4)
1
What is -3 - -10 - (7 - 8)?
8
What is 4 + 0 - (6 + -3 + 5)?
-4
Calculate (-4 - -3) + 5 + -4.
0
What is the value of -4 + 1 + (-36 - -35)?
-4
What is the value of -2 + 1 + (7 - 10)?
-4
Calculate 6 + -6 + -1 + (-2 - 1).
-4
Calculate -7 - -7 - (0 + -4).
4
Calculate 2 + -6 + 4 + 2.
2
(7 - (-16 - -27)) + 1 + 1
-2
What is the value of (1 - -1) + -2 + 1?
1
What is the value of 6 + -10 + 3 + 2 + 6?
7
What is (-5 - -3) + 7 + -5?
0
What is 0 - (0 - -3) - (-8 + 7)?
-2
Evaluate -7 + (-4 - -3) - (0 - 3).
-5
What is the value of 2 + -5 - (-33 - -21)?
9
What is -5 + 12 + -2 + 5?
10
What is -7 - (-3 - -2 - 1)?
-5
What is the value of 0 - (-5 - -1) - (-1 - -1)?
4
Calculate 9 - 9 - (1 + -6) - 1.
4
-6 - -12 - 9 - 1 - 0
-4
3 + (1 - (1 + 8))
-5
What is the value of 1 - -1 - (-7 + 7 - -4)?
-2
2 + -6 - (-5 - (-3 + 0))
-2
What is (5 + -12 - -8) + 1 + 0?
2
What is the value of -1 + 5 + 0 + 4 + -3?
5
Evaluate (5 - 37 - -30) + -6 + 1.
-7
What is the value of 5 - (-4 + (4 - -1))?
4
Evaluate -2 - (-4 - 1) - 2 - -3.
4
What is the value of -1 + (-16 - -15 - (1 - 6))?
3
Calculate (-1 + 7 - 12) + 7.
1
Evaluate (0 - (2 - -3)) + 0.
-5
What is (0 - -4 - 14) + 5?
-5
What is the value of (-1 + -2 - -5) + -1 - 0?
1
3 - (3 - 2 - -3) - -2
1
Evaluate (-3 + 0 - -3) + -4.
-4
What is -12 + (-1 - (-2 + -20))?
9
What is -9 + 0 + -6 + 10 - -3?
-2
3 - 2 - (7 + -3)
-3
What is 2 - (0 - 0) - (106 + -99)?
-5
Evaluate -3 + -2 + 22 + -14 + -2.
1
Calculate 0 + -1 - (-3 - (-1 - -4)).
5
What is (2 - (2 + -8)) + -7?
1
What is the value of -4 - -1 - (-3 + -1 - 3)?
4
1 + 5 + -13 + 5
-2
Calculate 5 + 3 + -2 + -3 - 2.
1
What is the value of 7 + -13 + -1 + 0?
-7
-8 + (20 - 24 - (-6 - 1))
-5
Calculate 2 + -4 + 2 - (-1 + 1).
0
Calculate -6 - (-17 + 20 + -11).
2
What is 0 - (6 + -3 + 1 + -3)?
-1
-2 - 1 - (12 + -10) - -11
6
What is -6 + 2 - -2 - 0?
-2
(7 - (-1 + 4)) + (0 - 8)
-4
(6 - 3 - 5) + -1 - 8
-11
3 - (16 + -11 - (1 - 0))
-1
What is 0 + 0 + 2 - (-4 - -4)?
2
Calculate -7 + 6 + -6 - -2 - -6.
1
What is the value of (-3 + -2 - -3) + (-6 - -7)?
-1
What is the value of 6 + 2 + -8 + 15 + -12?
3
-7 - 1 - -11 - 5
-2
Evaluate -5 - -1 - (-3 + -3).
2
Calculate (1 - -6) + -24 + 15 + 8.
6
Evaluate -3 - ((-2 + 1 - -4) + -1).
-5
Calculate -11 + 7 - (5 - 10) - 4.
-3
-8 + (-2 - -1) + 6
-3
Evaluate 6 + 5 + (-11 - 3) + 7.
4
-8 - (-14 - 4) - 5
5
Evaluate -2 + 6 + (-12 + 4 - 1).
-5
What is the value of 6 + 2 + (3 - 6)?
5
Evaluate -1 - (-7 - (4 - 7)) - 6.
-3
Evaluate -4 - -7 - (-1 - 0 - -7).
-3
-3 - ((-5 - -9) + -5)
-2
What is (-2 - 0 - -5) + -5 - -3?
1
What is the value of (3 + -8 - -2) + (1 - 1)?
-3
2 - (-1 - -2 - 1) - 0
2
Evaluate -6 + (-10 - -10) + 3.
-3
What is the value of 6 + -8 - (3 - (10 - 13))?
-8
What is the value of -11 - -5 - -3 - -5?
2
Calculate (0 + -7 - (19 - 25)) + -4.
-5
-23 + 17 - (-1 - 7)
2
Evaluate -4 - ((1 - -3) + (6 - 17)).
3
Evaluate (1 - 2) + 11 + 0 - 5.
5
What is the value of 2 - ((7 - 9) + 0)?
4
What is the value of 0 + 1 + -5 + -7 + 9?
-2
Calculate (1 - -3 - 4) + 1 + -1.
0
6 + (-5 - (8 + -8))
1
What is -7 - (7 + (2 - 3) + -5)?
-8
Evaluate (-4 - (0 + -3)) + 2 - -5.
6
What is the value of (1 - 6) + 9 - 6?
-2
What is the value of 2 + -1 + (-4 - -9) + -9?
-3
What is the value of 0 - -1 - -3 - (38 + -38)?
4
Calculate 30 + -17 - (15 + 1).
-3
What is -1 - (8 + -6 + -2 + 1)?
-2
-1 - -1 - -4 - 6
-2
3 + 0 - 3 - (6 - 8)
2
0 + -5 + -5 + 